se 4?
-21
Convert 4 (base 16) to base 5.
4
-4 (base 5) to base 12
-4
Convert -37 (base 13) to base 14.
-34
What is 114 (base 6) in base 14?
34
73 (base 10) to base 7
133
2 (base 13) to base 14
2
Convert -7 (base 16) to base 7.
-10
What is -57 (base 8) in base 5?
-142
2 (base 16) to base 4
2
Convert -10 (base 9) to base 11.
-9
What is ab (base 13) in base 15?
96
What is 1110101 (base 2) in base 10?
117
What is 0 (base 15) in base 10?
0
-10 (base 5) to base 2
-101
-1 (base 14) to base 9
-1
1 (base 5) to base 9
1
What is 3 (base 6) in base 7?
3
What is 152 (base 6) in base 4?
1010
What is c (base 13) in base 14?
c
10 (base 13) to base 3
111
3 (base 16) to base 6
3
3 (base 10) to base 12
3
143 (base 6) to base 13
4b
What is -96 (base 14) in base 6?
-340
What is 5 (base 15) in base 7?
5
26 (base 8) to base 5
42
77 (base 8) to base 7
120
What is -19 (base 15) in base 16?
-18
2 (base 10) to base 8
2
What is 220 (base 4) in base 10?
40
8 (base 13) to base 15
8
Convert -5 (base 7) to base 6.
-5
Convert -232 (base 5) to base 11.
-61
What is -6 (base 7) in base 3?
-20
-14 (base 9) to base 14
-d
22 (base 6) to base 9
15
What is -10 (base 2) in base 15?
-2
0 (base 3) to base 9
0
2 (base 10) to base 6
2
What is -2 (base 5) in base 6?
-2
-17 (base 16) to base 6
-35
What is -22 (base 5) in base 6?
-20
What is -2 (base 8) in base 16?
-2
What is -1 (base 6) in base 14?
-1
Convert 0 (base 14) to base 9.
0
Convert 22 (base 9) to base 2.
10100
What is -134 (base 6) in base 5?
-213
Convert b (base 14) to base 5.
21
Convert 0 (base 2) to base 13.
0
Convert 1 (base 9) to base 10.
1
What is 1 (base 3) in base 14?
1
2 (base 6) to base 3
2
Convert 10 (base 9) to base 10.
9
1330 (base 4) to base 6
324
What is -4 (base 10) in base 4?
-10
-b (base 15) to base 16
-b
Convert -3 (base 7) to base 9.
-3
What is -21 (base 14) in base 13?
-23
What is 163 (base 8) in base 15?
7a
-1041 (base 5) to base 13
-b3
What is 51 (base 7) in base 13?
2a
What is -1001 (base 2) in base 13?
-9
What is -2 (base 8) in base 9?
-2
Convert 3 (base 16) to base 11.
3
-100101110 (base 2) to base 11
-255
What is 25 (base 13) in base 12?
27
-7 (base 9) to base 7
-10
What is 22 (base 6) in base 13?
11
What is 14 (base 16) in base 15?
15
-170 (base 8) to base 13
-93
What is -30 (base 4) in base 6?
-20
Convert -60 (base 11) to base 8.
-102
-33 (base 4) to base 10
-15
What is -52 (base 8) in base 13?
-33
Convert 12 (base 3) to base 8.
5
What is -10000010 (base 2) in base 6?
-334
-2 (base 16) to base 15
-2
What is -111 (base 8) in base 13?
-58
2 (base 14) to base 5
2
What is 11 (base 2) in base 14?
3
Convert 5 (base 16) to base 2.
101
What is -2 (base 6) in base 11?
-2
Convert 126 (base 7) to base 2.
1000101
What is 0 (base 15) in base 4?
0
-335 (base 6) to base 11
-10a
-1 (base 14) to base 10
-1
Convert 122 (base 3) to base 15.
12
What is 7 (base 9) in base 16?
7
What is -67 (base 8) in base 13?
-43
What is -1 (base 3) in base 4?
-1
-41 (base 5) to base 12
-19
-112 (base 3) to base 9
-15
What is -46 (base 10) in base 6?
-114
What is 1 (base 11) in base 4?
1
101 (base 2) to base 6
5
What is -39 (base 10) in base 12?
-33
What is 1b (base 14) in base 5?
100
What is 24 (base 8) in base 13?
17
What is 1 (base 12) in base 9?
1
-61 (base 9) to base 5
-210
Convert ac (base 16) to base 10.
172
-10 (base 3) to base 13
-3
-4 (base 5) to base 3
-11
Convert -100 (base 8) to base 6.
-144
-2 (base 6) to base 3
-2
-100 (base 4) to base 16
-10
What is 1 (base 14) in base 7?
1
Convert 23 (base 4) to base 12.
b
Convert b9 (base 16) to base 4.
2321
Convert -5 (base 12) to base 2.
-101
Convert -1001 (base 2) to base 11.
-9
Convert -10100001 (base 2) to base 10.
-161
2 (base 4) to base 15
2
What is -142 (base 5) in base 6?
-115
What is 286 (base 12) in base 4?
12012
Convert -d (base 16) to base 4.
-31
-4f (base 16) to base 2
-1001111
Convert 4 (base 12) to base 9.
4
What is 225 (base 9) in base 11?
159
Convert -26 (base 8) to base 15.
-17
Convert -11 (base 6) to base 8.
-7
-1 (base 5) to base 15
-1
Convert 27 (base 12) to base 16.
1f
-4 (base 7) to base 10
-4
Convert -211 (base 4) to base 16.
-25
Convert 1 (base 7) to base 2.
1
130 (base 7) to base 12
5a
-24 (base 10) to base 11
-22
Convert -2 (base 16) to base 2.
-10
What is 31 (base 7) in base 2?
10110
What is -30 (base 14) in base 12?
-36
2 (base 5) to base 10
2
What is 14 (base 9) in base 6?
21
What is -1 (base 4) in base 5?
-1
Convert -2a (base 14) to base 2.
-100110
Convert 33 (base 11) to base 3.
1100
12 (base 3) to base 6
5
What is 3 (base 14) in base 11?
3
37 (base 14) to base 13
3a
-9 (base 11) to base 16
-9
-6 (base 7) to base 4
-12
-8 (base 12) to base 3
-22
What is -1f (base 16) in base 5?
-111
What is 6 (base 15) in base 8?
6
-1 (base 12) to base 14
-1
Convert 21 (base 15) to base 16.
1f
1 (base 10) to base 16
1
Convert -4 (base 5) to base 13.
-4
What is -15 (base 12) in base 9?
-18
What is -2 (base 15) in base 10?
-2
Convert -30 (base 8) to base 5.
-44
What is 5 (base 10) in base 12?
5
Convert 101 (base 3) to base 10.
10
-10111111 (base 2) to base 14
-d9
What is -43 (base 15) in base 5?
-223
What is 11020 (base 3) in base 14?
82
What is -27 (base 8) in base 6?
-35
1223 (base 5) to base 8
274
Convert 14 (base 10) to base 6.
22
Convert -303 (base 5) to base 14.
-58
24 (base 13) to base 6
50
-11221 (base 4) to base 3
-111101
What is d (base 14) in base 3?
111
-154 (base 7) to base 13
-6a
What is -4 (base 12) in base 16?
-4
-15 (base 9) to base 13
-11
Convert -102 (base 3) to base 8.
-13
What is -24 (base 12) in base 5?
-103
Convert 2 (base 9) to base 7.
2
Convert -70 (base 11) to base 12.
-65
-29 (base 12) to base 6
-53
What is -2 (base 11) in base 13?
-2
1100 (base 2) to base 7
15
What is 28 (base 12) in base 4?
200
Convert 410 (base 6) to base 12.
106
What is 13 (base 11) in base 5?
24
-1 (base 9) to base 11
-1
1a (base 16) to base 12
22
What is -11 (base 2) in base 12?
-3
49 (base 13) to base 12
51
-1 (base 16) to base 3
-1
What is 19 (base 15) in base 4?
120
Convert 2 (base 4) to base 7.
2
What is 52 (base 6) in base 12?
28
321 (base 5) to base 11
79
Convert -a9 (base 14) to base 3.
-12112
What is -10 (base 6) in base 9?
-6
Convert -9b (base 15) to base 2.
-10010010
-12 (base 7) to base 8
-11
20 (base 4) to base 2
1000
-1 (base 12) to base 7
-1
Convert -19 (base 14) to base 11.
-21
135 (base 8) to base 2
1011101
What is 9 (base 12) in base 5?
14
4 (base 5) to base 13
4
What is 24 (base 10) in base 4?
120
-2102 (base 3) to base 6
-145
Convert 109 (base 15) to base 14.
12a
What is 3 (base 9) in base 10?
3
-10c (base 14) to base 6
-544
What is 2 (base 13) in base 9?
2
What is 190 (base 10) in base 2?
10111110
Convert -b (base 15) to base 11.
-10
Convert -25 (base 10) to base 2.
-11001
What is -2 (base 9) in base 11?
-2
What is 1b (base 13) in base 7?
33
What is 1e (base 16) in base 13?
24
11000 (base 2) to base 8
30
What is 310 (base 5) in base 13?
62
Convert 200 (base 3) to base 10.
18
What is 8e (base 16) in base 15?
97
Convert -12 (base 14) to base 3.
-121
Convert 1 (base 16) to base 10.
1
What is 110 (base 8) in base 6?
200
What is 14 (base 9) in base 10?
13
-3 (base 4) to base 6
-3
-d (base 16) to base 13
-10
Convert -168 (base 13) to base 7.
-513
0 (base 15) to base 14
0
-1 (base 10) to base 9
-1
Convert -7 (base 13) to base 8.
-7
33 (base 9) to base 8
36
Convert -2 (base 10) to base 13.
-2
What is -31 (base 8) in base 6?
-41
4 (base 9) to base 8
4
3 (base 12) to base 9
3
Convert 23 (base 9) to base 5.
41
What is -33 (base 10) in base 9?
-36
-1112 (base 3) to base 10
-41
What is -5 (base 11) in base 14?
-5
Convert 1 (base 3) to base 13.
1
2 (base 4) to base 2
10
What is 5 (base 13) in base 14?
5
1 (base 10) to base 15
1
What is -2 (base 16) in base 3?
-2
9 (base 16) to base 9
10
What is 7 (base 12) in base 5?
12
4d (base 15) to base 14
53
What is -122 (base 7) in base 15?
-45
Convert 202 (base 10) to base 9.
244
What is -6 (base 12) in base 4?
-12
Convert 1 (base 14) to base 10.
1
Convert 0 (base 11) to base 9.
0
Convert 13 (base 12) to base 11.
14
Convert -122 (base 5) to base 2.
-100101
Convert -42 (base 16) to base 4.
-1002
Convert -3 (base 12) to base 14.
-3
What is -1201 (base 3) in base 13?
-37
What is 103 (base 5) in base 11?
26
22102 (base 3) to ba